the units digit of i?
9
Let r = -99 + 101. Suppose -2*l + 5*o = r*l - 3126, 5*o = -2*l + 1548. What is the hundreds digit of l?
7
Let i be 1*((-8)/(-5) + (-42)/70). Let h(c) = 648*c**3 - 4*c**2 + 3*c. What is the hundreds digit of h(i)?
6
Suppose 0 = -4*d + 19 - 11. Suppose -x + 289 = 5*o, 0*x + d*o - 283 = -x. Let c = x - -3. What is the units digit of c?
2
Suppose 21*f - 2359 = 2198. Let m(v) = 10*v**2 + 3*v + 3. Let o be m(-4). Let s = f - o. What is the units digit of s?
6
Let z(y) = -y**2 - 3*y - 13. Let t be z(-9). Suppose 0 = 18*q - 9*q - 1620. Let o = t + q. What is the hundreds digit of o?
1
Let j(u) = 2*u**3 - 11*u**2 + 5*u - 16. Suppose 8*c - 5*c - 21 = 0. What is the hundreds digit of j(c)?
1
Let k(n) = -8*n**3 - 3*n**2 - 9252. Let m be k(0). What is the hundreds digit of (m/3)/((-4)/2)?
5
Suppose 6*c + 0*c - 24 = 0. Suppose -2*w = -2*b + 66, b + 142 = -c*w - 5. Let x = w - -54. What is the units digit of x?
8
Let r be ((2/3)/(-1))/(3/(-9)). What is the units digit of 25 - ((-10)/(-5) + r)?
1
Suppose 12*u = -4*s + 8*u + 27012, 5*u = s - 6723. What is the thousands digit of s?
6
What is the hundreds digit of 89758 + 10*(-4 + (-162)/(-45))?
7
Let p = -12283 + 35682. What is the units digit of p?
9
Let g(d) = -17*d + 7 + 14*d + 11*d. Suppose -6*z + 58 = 10. What is the units digit of g(z)?
1
Let d = 132 - 332. Let b be (-1231)/11 + (-15)/165. Let h = b - d. What is the units digit of h?
8
What is the units digit of (236/(-413) + 295280/(-14))*(-1 + 0)?
2
Let d(w) = -1032*w - 3430. What is the units digit of d(-31)?
2
What is the hundreds digit of -4 - (-914 - 44/(-4))?
8
Let x = 25870 + -6922. What is the ten thousands digit of x?
1
Let k(l) = -l**3 - 78*l**2 + 77*l + 1146. What is the thousands digit of k(-79)?
1
Let i be (-46900)/(-170) - 2/(-17). Suppose 8*k = 11*k - i. Suppose 6*v - 2*v = k. What is the units digit of v?
3
Suppose 265 = 5*t - 2*z, 2*t + 180 = 5*t + 3*z. Let y = t + -50. Suppose -3*d = 5*q - d - 854, y*q - 857 = -d. What is the hundreds digit of q?
1
Let c(s) = s**2 + 29 + s - 13 + 16*s**3 - 21. What is the tens digit of c(3)?
3
Let d(u) = u**3 + 14*u - 10*u + 4 - 9*u - 3*u**2 - 7 - 7. Suppose m = -4*o + 3, -3*o = -m - 2*o + 8. What is the hundreds digit of d(m)?
1
Suppose o - 5*w - 3633 - 3107 = 0, -4*w + 20163 = 3*o. What is the hundreds digit of o?
7
Let b(r) = -r**2 + 18*r + 82. Suppose -6*a - 112 = -14*a. What is the tens digit of b(a)?
3
Let u(l) be the second derivative of 0 - 17/2*l**2 - 33*l + 7/6*l**3. What is the tens digit of u(7)?
3
Suppose -33663 = -4*u - 2*b + 881, 4*u - 34544 = -b. What is the thousands digit of u?
8
Let q(i) = i**3 - 30*i**2 - 37*i + 188. Let g be q(31). Let x be ((-18)/(-15))/(1/5). What is the tens digit of -129*(-2)/((-3 + x)*g)?
4
Suppose -12 + 0 = -6*m. Suppose -4*q + m*w + 850 = 0, 2*w + 211 = -4*q + 1057. What is the units digit of q?
2
Let h = -18762 + 19596. What is the tens digit of h?
3
Suppose -q - 13 = 5*z, -35 + 10 = 5*z - 5*q. Let b be z/((-12)/16) + 3. Let l(s) = -2*s**2 + 30*s + 4. What is the hundreds digit of l(b)?
1
What is the units digit of ((-1469510)/343)/((-1)/7)?
0
Let w = -50 + 52. Let y be ((-1)/(-2))/(w/1208). What is the units digit of y/4 + 27/18?
7
Let h(i) = -10*i**2 - 21*i - 14. Let c(n) = -9*n**2 - 21*n - 14. Let z(k) = -3*c(k) + 2*h(k). What is the units digit of z(-10)?
4
Suppose 269*l - 276*l = -65975. What is the tens digit of l?
2
Let q be (2400/(-42))/((-10)/35). Suppose 3*t = -i + q, -i + 119 = -5*t - 113. What is the hundreds digit of i?
2
Let n be 19910/220*(1 - 2/(-2)). Suppose -n*o = -187*o + 3468. What is the units digit of o?
8
Let g = 0 + 5. Let a(u) = 11*u**2 + 2*u - 7. Let p(d) = -9*d**2 - 2*d + 7. Let b(i) = -2*a(i) - 3*p(i). What is the units digit of b(g)?
8
Let b be -1*(-2 + 68)*(-1)/(-2). Let s = 42 + b. Suppose s*l = -4*l + 494. What is the units digit of l?
8
Let f be 1/(-7) - 258/301. What is the units digit of -1 + 13 + 4/(f/1)?
8
Let v = -2718 + 14544. What is the units digit of v?
6
Suppose -574875 - 1325067 = -54*j - 67*j. What is the hundreds digit of j?
7
Let z be (-117)/52 - 2/(-8). Let k(t) = -262*t - 37. What is the tens digit of k(z)?
8
Suppose -8 = 2*x, 5*n + x - 337 = -321. Let o(j) = 6*j - j**3 + 0*j**2 + 2*j**3 - 17 - 4*j**2. What is the units digit of o(n)?
7
Suppose 67*o + 4*z + 33285 = 68*o, -3*o + 99954 = -z. What is the units digit of o?
1
Suppose 0 = 14*o - 11*o + 474. Let x = -122 - o. Suppose -4*t - 5*q + 272 = 0, -2*t + 114 + x = -q. What is the tens digit of t?
7
Let s be (-2)/(-15) + (-126259)/255. Let d = s + 774. What is the units digit of d?
9
Suppose -d = -2*i - 6*d - 18, -6*i + 26 = -5*d. What is the units digit of (14 + -9)*(i - -130)?
5
Let b = 18 + -15. Suppose -2*q + 1180 = b*u, -2*u + 2*q + 804 = -q. What is the hundreds digit of u?
3
What is the thousands digit of (((-8)/14)/4 + 41784/(-140))*-5?
1
Let i(o) = 1503*o + 51. What is the hundreds digit of i(4)?
0
Let y(b) = -3*b - 16. Let o be y(-6). Suppose 2 + o = -z. What is the tens digit of z*10/6*(-3)/2?
1
Let l(v) = 2*v - 3. Let r be l(10). Suppose 0 = 14*c - r*c + 6. Suppose -5*y + 306 = -3*y + 3*x, -3*y - c*x = -464. What is the hundreds digit of y?
1
Suppose -4*d = 5*n - 3*n - 2212, -2*n = -3*d - 2247. What is the hundreds digit of n/3*(-16)/(-24)?
2
What is the tens digit of 15 - 15 - ((-2)/2 + -7052)?
5
Suppose 68869 + 6882 = 8*a - 7905. What is the tens digit of a?
5
Suppose 4*g = -9*g + 52. Suppose g*o - 4*d + 308 = 8*o, 5*o - 375 = -3*d. What is the tens digit of o?
7
Let p be (-13869)/(-7) + 6/(-21). Let v = 2852 - p. What is the units digit of v?
1
What is the hundreds digit of 12/(-40) + ((-4506887)/(-70))/17?
7
Suppose 5*q = 2 - 12. Suppose 34*s = 64*s + 1260. What is the tens digit of q/12 - 1939/s?
4
Let i(a) = -9*a + 62. Let t be i(6). Suppose -2*l - t*f + 12*f - 26 = 0, 104 = -4*l - 5*f. Let x(o) = o**3 + 22*o**2 + 9*o - 4. What is the units digit of x(l)?
8
Let c = -196 - -216. What is the tens digit of c/15*(213/6 - 1)?
4
Suppose -108 = -8*k - 84. Suppose k*p = -2*w + 934, 10*p + 8 = 12*p. What is the units digit of w?
1
Let f = 23 - 24. Let z(n) be the second derivative of n**4/3 - n**3/2 - n**2 - 18*n. What is the units digit of z(f)?
5
Let x = -165 + 184. Suppose -7210 = 12*d - x*d. What is the thousands digit of d?
1
Let j(t) = -12*t + 2391. What is the tens digit of j(-112)?
3
Let q(t) be the first derivative of 65*t**3/3 - t**2/2 + 2*t + 2. Suppose -3*n - 4*y + 2 = -1, y + 1 = n. What is the units digit of q(n)?
6
Let o(n) = 181*n**2 + 51*n - 702. What is the tens digit of o(11)?
6
Let o = -1456 + 9816. What is the hundreds digit of o?
3
Suppose 2192 = 3*l - f, 5*l + 10*f - 3648 = 13*f. Suppose 38*g - l = 37*g. What is the units digit of g?
2
Suppose -30 = -8*r - 54. Let h(o) = o**3 - 5*o**2 + 4*o - 2. Let j be h(4). What is the tens digit of 1*r/6 - 25/j?
1
Suppose 4*m + 90 - 114 = 0. What is the units digit of 15*m + (-95)/19?
5
Let a(i) be the first derivative of -25*i**2/2 - 101*i - 147. What is the tens digit of a(-31)?
7
Let a(f) = 11*f - 15. Let x be a(2). Let q(b) be the third derivative of b**4/6 - 5*b**3/6 - 2*b**2. What is the tens digit of q(x)?
2
Let w = 330 - 631. Let d = 716 + w. Suppose d + 725 = 10*g. What is the hundreds digit of g?
1
Suppose -247*j + 5502748 + 2008522 = 0. What is the thousands digit of j?
0
Suppose 0 = 5*y - 3*y - 3408. Suppose -858 = -2*b - 4*t, 4*b = -t - t + y. What is the hundreds digit of b?
4
What is the hundreds digit of (-1 - 13)*(-127855)/130?
7
Let r(g) = -27*g**2 - 779*g - 1. What is the thousands digit of r(-11)?
5
Let r = -3547 + 7747. What is the tens digit of r?
0
What is the thousands digit of 166872/32 - (-36)/16?
5
Let j be 1/(-5) + 160/50. Let z be (-8060)/182 + (-2)/(-21)*j. Let k = z - -179. What is the hundreds digit of k?
1
Suppose 4*u - 72 = -4*u. Suppose -u - 21 = -10*i. Suppose -4*a = 3*g - 266, i*g = 2*a + 3*a + 275. What is the units digit of g?
0
Let w(q) = -q**3 + 8*q**2 - 20*q - 31. What is the thousands digit of w(-10)?
1
Let l = 10536 - -10034. Suppose -l = -71*a + 16*a. What is the hundreds digit of a?
3
Let p(x) = -1649*x + 221. What is the hundreds digit of p(-3)?
1
Let u(b) = -10*b - 19. Let k(z) = -19*z - 37. Let q be 3 + ((-8)/(-10)